03368.
2, 3, 7
List the prime factors of 427035.
3, 5, 7, 83
List the prime factors of 721793.
721793
List the prime factors of 10771878.
2, 3, 13, 138101
List the prime factors of 11170252.
2, 19, 146977
What are the prime factors of 206029?
179, 1151
List the prime factors of 1420139.
7, 202877
What are the prime factors of 20306862?
2, 3, 103, 1217
What are the prime factors of 117095?
5, 11, 2129
What are the prime factors of 1602303?
3, 534101
What are the prime factors of 6901541?
17, 19, 23, 929
List the prime factors of 6518917.
599, 10883
What are the prime factors of 2393478?
2, 3, 132971
List the prime factors of 462352.
2, 11, 37, 71
What are the prime factors of 164809?
164809
What are the prime factors of 251178?
2, 3, 41863
What are the prime factors of 127938?
2, 3, 21323
What are the prime factors of 7205505?
3, 5, 480367
List the prime factors of 3254352.
2, 3, 151, 449
What are the prime factors of 7759853?
7759853
What are the prime factors of 264179?
264179
What are the prime factors of 96637?
41, 2357
What are the prime factors of 4964566?
2, 67, 37049
What are the prime factors of 683143?
683143
List the prime factors of 10249545.
3, 5, 683303
What are the prime factors of 1555219?
113, 13763
List the prime factors of 82420.
2, 5, 13, 317
What are the prime factors of 20799848?
2, 2599981
List the prime factors of 137558.
2, 109, 631
List the prime factors of 6751981.
6751981
What are the prime factors of 2255759?
11, 205069
List the prime factors of 4482974.
2, 19, 117973
List the prime factors of 239995.
5, 7, 6857
What are the prime factors of 37553877?
3, 4172653
List the prime factors of 221547.
3, 73849
List the prime factors of 56738.
2, 11, 2579
What are the prime factors of 416674?
2, 208337
List the prime factors of 209527.
191, 1097
What are the prime factors of 312218?
2, 156109
List the prime factors of 31626513.
3, 271, 12967
What are the prime factors of 698337?
3, 31, 2503
List the prime factors of 16330767.
3, 211, 25799
What are the prime factors of 824063?
824063
List the prime factors of 1135434.
2, 3, 189239
What are the prime factors of 157914?
2, 3, 31, 283
List the prime factors of 10909856.
2, 340933
What are the prime factors of 910068?
2, 3, 181, 419
List the prime factors of 673155.
3, 5, 7, 2137
List the prime factors of 589216.
2, 18413
List the prime factors of 5595160.
2, 5, 43, 3253
List the prime factors of 3534748.
2, 7, 126241
What are the prime factors of 700995?
3, 5, 17, 2749
What are the prime factors of 9378521?
47, 383, 521
What are the prime factors of 189947?
189947
List the prime factors of 32464.
2, 2029
What are the prime factors of 10647959?
7, 29, 52453
List the prime factors of 106923.
3, 29, 1229
What are the prime factors of 901652?
2, 431, 523
What are the prime factors of 18085958?
2, 11, 23, 31, 1153
What are the prime factors of 2205981?
3, 81703
List the prime factors of 2489554.
2, 1244777
List the prime factors of 1823172.
2, 3, 13, 29, 31
What are the prime factors of 216855?
3, 5, 61, 79
List the prime factors of 180067.
23, 7829
What are the prime factors of 352094?
2, 176047
List the prime factors of 168790.
2, 5, 16879
What are the prime factors of 1287820?
2, 5, 19, 3389
List the prime factors of 70503.
3, 71, 331
What are the prime factors of 380955?
3, 5, 109, 233
What are the prime factors of 3217949?
7, 47, 9781
List the prime factors of 176616.
2, 3, 11, 223
What are the prime factors of 21032378?
2, 821, 12809
What are the prime factors of 2912785?
5, 131, 4447
What are the prime factors of 2479229?
17, 41, 3557
What are the prime factors of 3327151?
37, 89923
List the prime factors of 5803935.
3, 5, 23, 16823
What are the prime factors of 1039642?
2, 19, 109, 251
What are the prime factors of 788384?
2, 71, 347
List the prime factors of 499980.
2, 3, 5, 13, 641
List the prime factors of 3988596.
2, 3, 379, 877
List the prime factors of 10009215.
3, 5, 347, 641
What are the prime factors of 1316243?
809, 1627
List the prime factors of 6221572.
2, 7, 222199
List the prime factors of 161329.
7, 19, 1213
List the prime factors of 1458548.
2, 7, 13, 4007
List the prime factors of 1140115.
5, 228023
What are the prime factors of 219607?
219607
List the prime factors of 463188.
2, 3, 11, 29
List the prime factors of 1276034.
2, 101, 6317
What are the prime factors of 11235158?
2, 11, 463, 1103
List the prime factors of 814586.
2, 67, 6079
List the prime factors of 16036988.
2, 11, 19, 19183
What are the prime factors of 3980719?
37, 271, 397
What are the prime factors of 1969305?
3, 5, 13, 10099
What are the prime factors of 1743050?
2, 5, 71, 491
List the prime factors of 71130.
2, 3, 5, 2371
List the prime factors of 109025.
5, 7, 89
What are the prime factors of 5053721?
23, 219727
What are the prime factors of 10809205?
5, 11, 149, 1319
List the prime factors of 3300710.
2, 5, 7, 61, 773
List the prime factors of 25368.
2, 3, 7, 151
What are the prime factors of 187195?
5, 29, 1291
List the prime factors of 248733.
3, 29, 953
List the prime factors of 10594679.
10594679
What are the prime factors of 4516515?
3, 5, 167, 601
What are the prime factors of 451817?
229, 1973
What are the prime factors of 73659?
3, 43, 571
What are the prime factors of 429800?
2, 5, 7, 307
List the prime factors of 351815.
5, 17, 4139
What are the prime factors of 313202?
2, 156601
What are the prime factors of 2840136?
2, 3, 13, 9103
List the prime factors of 6316824.
2, 3, 263201
List the prime factors of 5090201.
37, 137573
List the prime factors of 1356352.
2, 21193
List the prime factors of 827162.
2, 7, 59083
What are the prime factors of 2137730?
2, 5, 7, 30539
What are the prime factors of 289738?
2, 317, 457
List the prime factors of 288600.
2, 3, 5, 13, 37
List the prime factors of 14547226.
2, 2683, 2711
List the prime factors of 2300509.
47, 48947
What are the prime factors of 3330383?
7, 67967
What are the prime factors of 3504669?
3, 7, 17, 9817
What are the prime factors of 18055425?
3, 5, 240739
What are the prime factors of 33507600?
2, 3, 5, 7, 3989
List the prime factors of 4689988.
2, 1172497
List the prime factors of 199250.
2, 5, 797
List the prime factors of 101808.
2, 3, 7, 101
List the prime factors of 247603.
247603
What are the prime factors of 205545?
3, 5, 71, 193
What are the prime factors of 13445377?
11, 1222307
What are the prime factors of 108430?
2, 5, 7, 1549
List the prime factors of 1813809.
3, 604603
What are the prime factors of 2511810?
2, 3, 5, 7, 443
What are the prime factors of 2109864?
2, 3, 87911
List the prime factors of 790432.
2, 17, 1453
List the prime factors of 7810136.
2, 383, 2549
List the prime factors of 7172834.
2, 73, 673
List the prime factors of 575215.
5, 29, 3967
What are the prime factors of 171723?
3, 57241
List the prime factors of 12748374.
2, 3, 47, 5023
List the prime factors of 18120280.
2, 5, 613, 739
What are the prime factors of 146870?
2, 5, 19, 773
What are the prime factors of 223245?
3, 5, 11, 41
List the prime factors of 42920637.
3, 61, 234539
What are the prime factors of 48684?
2, 3, 4057
What are the prime factors of 2974939?
11, 229, 1181
What are the prime factors of 8468051?
2903, 2917
What are the prime factors of 16259951?
1723, 9437
What are the prime factors of 792318?
2, 3, 37, 43, 83
List the prime factors of 198738.
2, 3, 61, 181
What are the prime factors of 2001300?
2, 3, 5, 7, 953
List the prime factors of 194511.
3, 23, 2819
What are the prime factors of 10117529?
41, 246769
What are the prime factors of 133855?
5, 19, 1409
What are the prime factors of 23006206?
2, 11503103
What are the prime factors of 181384?
2, 7, 41, 79
What are the prime factors of 3149485?
5, 629897
List the prime factors of 1325038.
2, 11, 13, 41, 113
List the prime factors of 1423759.
1423759
List the prime factors of 2782800.
2, 3, 5, 773
List the prime factors of 250073.
250073
List the prime factors of 679747.
679747
List the prime factors of 142470.
2, 3, 5, 1583
What are the prime factors of 1770544?
2, 41, 2699
List the prime factors of 4038663.
3, 47, 28643
List the prime factors of 8811363.
3, 11, 83, 3217
List the prime factors of 1557120.
2, 3, 5, 811
What are the prime factors of 3182802?
2